{"id":368,"date":"2021-06-15T18:20:19","date_gmt":"2021-06-15T16:20:19","guid":{"rendered":"https:\/\/www.stellamaris-seelenkalender.de\/?page_id=368"},"modified":"2021-11-30T17:21:05","modified_gmt":"2021-11-30T16:21:05","slug":"ueber-mich-meine-methoden","status":"publish","type":"page","link":"https:\/\/www.stellamaris-seelenkalender.de\/?page_id=368","title":{"rendered":"Ueber mich \u2014 Meine Methoden"},"content":{"rendered":"\n\n\t\t\t\t<img decoding=\"async\" src=\"https:\/\/www.stellamaris-seelenkalender.de\/wp-content\/uploads\/2021\/06\/Abbildung_Ueber_mich_2_Seelenkalender_Stellamaris_Angela_Fischer.jpg.png\" alt=\"Abbildung_Ueber_mich_2_Seelenkalender_Stellamaris_Angela_Fischer.jpg\" itemprop=\"image\" title=\"Abbildung_Ueber_mich_2_Seelenkalender_Stellamaris_Angela_Fischer.jpg\" onerror=\"this.style.display='none'\">\n\t<h6><strong>Abbildung<\/strong><\/h6>\n<h6>Das Seelenkalender-B\u00fcchlein mit den Spr\u00fcchen und mein Notizbuch<\/h6>\n\t\t\t\t<img decoding=\"async\" src=\"https:\/\/lite.demos.wpbeaverbuilder.com\/wp-content\/uploads\/sites\/28\/2020\/02\/photo-1558274648-ed2612502ba9-edited-1.jpg\" alt itemprop=\"image\" onerror=\"this.style.display='none'\">\n\t\t\t\t<img decoding=\"async\" src=\"https:\/\/lite.demos.wpbeaverbuilder.com\/wp-content\/uploads\/sites\/28\/2020\/02\/photo-1558274648-ed2612502ba9-edited-1.jpg\" alt itemprop=\"image\" onerror=\"this.style.display='none'\">\n<h2>\n\t\tMeine Methoden&nbsp;<\/h2>\n\t<h4>\u2026 Stellamaris-Arbeitsmethode:<\/h4>\n<p><em>Arbeit im Wochen\u00adrhyth\u00admus:<\/em> Ich trage den See\u00adlenkalen\u00adder\u00adspruch der Woche und gegebe\u00adnen\u00adfalls die damit ver\u00adbun\u00adde\u00adnen Spr\u00fcche die Woche \u00fcber im Herzen, notiere die Gedanken dazu und schreibe zum Ende der Woche auf, was sich mir erschlossen hat. W\u00e4hrend der Woche \u00fcbe ich mich zwis\u00adchen den Zeilen zu lesen. Ich sp\u00fcre einzel\u00adnen Worten nach, studiere gegebe\u00adnen\u00adfalls auch im Werk Rudolf Stein\u00aders. Daneben bin ich aufmerk\u00adsam, welche Anre\u00adgun\u00adgen mir aus dem All\u00adt\u00adag mit seinen Begeg\u00adnun\u00adgen und Auf\u00adgaben gegeben wer\u00adden. Was ich finde, w\u00e4chst zum Woch\u00adenende zu einem organ\u00adis\u00adchen Ganzen, ein\u00ader neuen Ein\u00adsicht zusam\u00admen. Diesen Prozess bringe ich schriftlich zum Abschluss, unter Umst\u00e4n\u00adden mit ein\u00ader graphis\u00adchen Darstel\u00adlung. Dann bin ich frei f\u00fcr die kom\u00admende Woche und den neuen Spruch, die neue Botschaft.<\/p>\n\t\t\t\t\n\t\t\t<p><em>Die Jahres\u00adfrage:<\/em><\/p>\n<p>Ergab sich die erste Jahres\u00adfrage durch meine Ini\u00adtial-Idee, die drei ver\u00adlink\u00adten Spr\u00fcche als Aus\u00addruck der drei See\u00adlen\u00adf\u00e4higkeit\u00aden zu lesen, so suchte ich f\u00fcr alle fol\u00adgen\u00adden Jahre einen entsprechen\u00adden Arbeit\u00adsauf\u00adtrag zum See\u00adlenkalen\u00adder. Beispiele solch\u00ader Jahres\u00adfra\u00adgen, die ich eben\u00adso Woche f\u00fcr Woche anhand der aktuellen Spr\u00fcche bear\u00adbeit\u00adete,&nbsp;waren:<\/p>\n<ul>\n<li>Die drei Spr\u00fcche als Aus\u00addruck mein\u00ader Seele verstehen<\/li>\n<li>Die Eury\u00adth\u00admiefor\u00admen der drei Spr\u00fcche analysieren und \u201elesen\u201d<\/li>\n<li>Den Spruch der Woche in eigene Worte zu \u00fcbersetzen<\/li>\n<li>Die drei fort\u00adlaufend\u00aden Spr\u00fcche als Wirken eines geisti\u00adgen Zeitim\u00adpuls\u00ades verstehen<\/li>\n<\/ul>\n<p>Die Fr\u00fcchte dieser Arbeit\u00aden bilden die Grund\u00adlage mein\u00ader Darstel\u00adlung \u00fcber den Seelenkalender.<\/p>\n<h4>Stellamaris-Forschungsmethode:<\/h4>\n<p>Neben der Arbeit an der Jahres\u00adfrage bear\u00adbeit\u00adete ich von Anfang an weit\u00adere The\u00admen, die mir in der Woche begeg\u00adneten, die mein Inter\u00adesse weck\u00adten oder an mich herange\u00adtra\u00adgen wur\u00adden. Hier erwiesen sich die Geheimnisse des Jahres\u00adlaufs, die ich im See\u00adlenkalen\u00adder ent\u00addeck\u00adte, auf vielf\u00e4ltige Weise als Schl\u00fcs\u00adsel, um alte Weisheit\u00adslehren der Men\u00adschheit oder deren Aus\u00addruck in Kunst\u00adwerken neu zu verstehen.<\/p>\n<p>Meine Forschungsmeth\u00adode kann ich als eine Art inner\u00adlich\u00ader Schicht\u00adtech\u00adnik beschreiben. So wie beim Malen viele trans\u00adpar\u00adente Farb\u00adschicht\u00aden erst etwas erken\u00adnen lassen, bringe ich zun\u00e4chst ent\u00adfer\u00adnte The\u00admen in einen Zusam\u00admen\u00adhang. Ich betra\u00adchte das Eine im Licht des Anderen \u2014 bzw. den einen Zusam\u00admen\u00adhang im Rah\u00admen des anderen. Ich frage zum Beispiel: Welche Gliederun\u00adgen zeigen sich? Kann ich eine entsprechende Gliederung im See\u00adlenkalen\u00adder wiederfind\u00aden? Gibt es Zusam\u00admen\u00adh\u00e4nge bei\u00adder The\u00admen, die sich dadurch erken\u00adnen lassen? Gibt es Hin\u00adweise auf zyk\u00adlis\u00adche Prozesse, die einen Bezug zum Jahres\u00adlauf haben k\u00f6nnten?<\/p>\n<p>Einige Erken\u00adnt\u00adnisse dieser Arbeit find\u00aden sich unter \u201eStel\u00adla\u00admaris \u2014 Forschun\u00adgen mit dem Seelenkalender\u201d.<\/p>\n\t\t\t<a href=\"https:\/\/www.stellamaris-seelenkalender.de\/?page_id=30\" target=\"_self\" role=\"button\" rel=\"noopener\">\n\t\t\t\t\t\tzur\u00fcck zur \u00dcbersicht&nbsp;<\/a>\n\n","protected":false},"excerpt":{"rendered":"<p>Abbil\u00addung Das See\u00adlenkalen\u00adder-B\u00fcch\u00adlein mit den Spr\u00fcchen und mein Notizbuch Meine Meth\u00ado\u00add\u00aden \u2026 Stel\u00adla\u00ad\u00admaris-Arbeitsmeth\u00adode: Arbeit im Wochen\u00adrhyth\u00admus: Ich trage den See\u00adlenkalen\u00adder\u00adspruch der Woche und gegebe\u00adnen\u00adfalls die damit ver\u00adbun\u00adde\u00adnen Spr\u00fcche die Woche \u00fcber im Herzen, notiere die Gedanken dazu und schreibe zum Ende der Woche auf, was sich mir erschlossen hat. W\u00e4hrend der Woche \u00fcbe ich&nbsp;mich\u2026<\/p>\n","protected":false},"author":1,"featured_media":0,"parent":0,"menu_order":0,"comment_status":"closed","ping_status":"closed","template":"","meta":{"wp_typography_post_enhancements_disabled":false,"footnotes":""},"class_list":["post-368","page","type-page","status-publish","hentry"],"_links":{"self":[{"href":"https:\/\/www.stellamaris-seelenkalender.de\/index.php?rest_route=\/wp\/v2\/pages\/368","targetHints":{"allow":["GET"]}}],"collection":[{"href":"https:\/\/www.stellamaris-seelenkalender.de\/index.php?rest_route=\/wp\/v2\/pages"}],"about":[{"href":"https:\/\/www.stellamaris-seelenkalender.de\/index.php?rest_route=\/wp\/v2\/types\/page"}],"author":[{"embeddable":true,"href":"https:\/\/www.stellamaris-seelenkalender.de\/index.php?rest_route=\/wp\/v2\/users\/1"}],"replies":[{"embeddable":true,"href":"https:\/\/www.stellamaris-seelenkalender.de\/index.php?rest_route=%2Fwp%2Fv2%2Fcomments&post=368"}],"version-history":[{"count":0,"href":"https:\/\/www.stellamaris-seelenkalender.de\/index.php?rest_route=\/wp\/v2\/pages\/368\/revisions"}],"wp:attachment":[{"href":"https:\/\/www.stellamaris-seelenkalender.de\/index.php?rest_route=%2Fwp%2Fv2%2Fmedia&parent=368"}],"curies":[{"name":"wp","href":"https:\/\/api.w.org\/{rel}","templated":true}]}}