{"id":2488,"date":"2024-08-10T18:13:54","date_gmt":"2024-08-10T16:13:54","guid":{"rendered":"https:\/\/www.stellamaris-seelenkalender.de\/?page_id=2488"},"modified":"2026-02-14T15:37:42","modified_gmt":"2026-02-14T14:37:42","slug":"blog-beitrag-1-2-copy-3-copy-7-copy-copy-copy-copy-copy-2-copy-copy-copy-copy-copy-copy-copy-copy-copy-copy-copy-copy-copy","status":"publish","type":"page","link":"https:\/\/www.stellamaris-seelenkalender.de\/?page_id=2488","title":{"rendered":"Blog \u2014 Spiegelspr\u00fcche 19 S \u2014 34&nbsp;h"},"content":{"rendered":"\n\n\t<h4><img loading=\"lazy\" decoding=\"async\" src=\"https:\/\/www.stellamaris-seelenkalender.de\/wp-content\/uploads\/2024\/08\/19-S-34-h-260x300.png\" alt width=\"260\" height=\"300\"><\/h4>\n<h4><strong>Die spiegelnden Mantren 19 S<\/strong><strong> und 34&nbsp;h<br>\n<\/strong><\/h4>\n<table width=\"639\">\n<tbody>\n<tr>\n<td width=\"311\">\n<p><strong>19 S<\/strong><\/p>\n<p><u>Geheimnisvoll das <\/u><strong>Neu-Empfang\u2019ne<\/strong><\/p>\n<p><u>Mit<\/u> der Erin\u00adn\u2019rung zu umschlie\u00dfen,<\/p>\n<p>Sei meines Strebens weitr\u00ader Sinn<u>:<\/u><\/p>\n<p><u>Es soll<\/u> <strong>erstark<\/strong><u>end<\/u><strong> Eigen<\/strong><u>kr\u00e4fte<\/u><\/p>\n<p><u>In<\/u> <strong>meinem Innern<\/strong> <strong>weck\u00aden<\/strong><\/p>\n<p><u>Und wer\u00addend mich<\/u> mir sel\u00adber<strong> geben<\/strong>.<\/p>\n<\/td>\n<td width=\"16\"><\/td>\n<td width=\"311\">\n<p><strong>34 h<\/strong><\/p>\n<p><u>Geheimnisvoll das<\/u> <strong>Alt-Bewahrte<\/strong><\/p>\n<p><u>Mit<\/u> neuer\u00adstand\u00adnem Eigensein<\/p>\n<p>Im Innern sich belebend f\u00fchlen<u>:<\/u><\/p>\n<p><u>Es soll<\/u> <strong>erweck<\/strong><u>end<\/u><strong> Wel\u00adten<\/strong><u>kr\u00e4fte<\/u><\/p>\n<p><u>In<\/u> <strong>meines<\/strong> Lebens <strong>Au\u00dfen<\/strong>werk <strong>ergie\u00dfen<\/strong><\/p>\n<p><u>Und wer\u00addend mich<\/u> ins Dasein<strong> pr\u00e4\u00adgen<\/strong>.<\/p>\n<\/td>\n<\/tr>\n<\/tbody>\n<\/table>\n<h4>Musik zum Mantra 19 S \u2014 naiv&nbsp;\u2014 komponiert von Herbert Lippmann<\/h4>\n<audio class=\"wp-audio-shortcode\" id=\"audio-2488-1\" preload=\"none\" style=\"width: 100%;\" controls=\"controls\"><source type=\"audio\/mpeg\" src=\"https:\/\/www.stellamaris-seelenkalender.de\/wp-content\/uploads\/2024\/09\/19-S-Lippmann-Fraktal-KW-19-naiv-schwer-0\u00b435.mp3?_=1\"><a href=\"https:\/\/www.stellamaris-seelenkalender.de\/wp-content\/uploads\/2024\/09\/19-S-Lippmann-Fraktal-KW-19-naiv-schwer-0\u00b435.mp3\">https:\/\/www.stellamaris-seelenkalender.de\/wp-content\/uploads\/2024\/09\/19-S-Lippmann-Fraktal-KW-19-naiv-schwer\u20110\u00b435.mp3<\/a><\/audio>\n<h4>Musik zum Mantra 34 h \u2014 aufmerksam \u2014 komponiert von Herbert Lippmann<\/h4>\n<audio class=\"wp-audio-shortcode\" id=\"audio-2488-2\" preload=\"none\" style=\"width: 100%;\" controls=\"controls\"><source type=\"audio\/mpeg\" src=\"https:\/\/www.stellamaris-seelenkalender.de\/wp-content\/uploads\/2024\/11\/34-h-Lippmann-Fraktal-KW-34-aufmerksam-1\u00b425-21.11.24.mp3?_=2\"><a href=\"https:\/\/www.stellamaris-seelenkalender.de\/wp-content\/uploads\/2024\/11\/34-h-Lippmann-Fraktal-KW-34-aufmerksam-1\u00b425-21.11.24.mp3\">https:\/\/www.stellamaris-seelenkalender.de\/wp-content\/uploads\/2024\/11\/34-h-Lippmann-Fraktal-KW-34-aufmerksam\u20111\u00b425\u201321.11.24.mp3<\/a><\/audio>\n<h4><strong>Mari\u00e4 Himmelfahrt und der Ewigkeitssonntag bzw. Christk\u00f6nigtag<\/strong><\/h4>\n<p>In der Woche des Mantras 19 S liegt aller\u00admeist der 15. August, an dem Mar\u00adi\u00e4 Him\u00admelfahrt gefeiert wird, ihr Entschlafen und ihre Auf\u00adnahme in den Him\u00admel. Der Son\u00adntag, zu dem das Mantra 34 h geh\u00f6rt, ist stets der Son\u00adntag vor dem 1. Advent; er wird Ewigkeitsson\u00adntag, Toten\u00adson\u00adntag bzw. Christk\u00f6nig\u00adtag genan\u00adnt. (Und zwar, weil ich mich bei der Anpas\u00adsung am Ende der Oster\u00adscholle, d.h. nach der Woche 9 I, am kom\u00admenden Wei\u00adh\u00adnachts\u00adfest ori\u00aden\u00adtiere.) Mit diesem Son\u00adntag vor dem 1. Advent wird \u00fcberkon\u00adfes\u00adsionell die Wiederkun\u00adft Christi ver\u00adbun\u00adden. Das bedeutet, dass die Feste der Him\u00admelfahrt Marias und der Wiederkun\u00adft Christi zu spiegel\u00adnden Mantren geh\u00f6ren. Der Auf\u00adstieg Marias in den Him\u00admel ste\u00adht dadurch in Beziehung zur erneuten Her\u00adabkun\u00adft Christi. Der See\u00adlenkalen\u00adder offen\u00adbart, dass bei\u00adde Ereignisse aufeinan\u00adder bezo\u00adgen sind \u2014 genauer, dass sie zwei seel\u00adis\u00adche Sit\u00adu\u00ada\u00adtio\u00adnen beschreiben, die zusam\u00admenge\u00adh\u00f6ren wie Baum und&nbsp;Borke.<\/p>\n<p>Das volk\u00adst\u00fcm\u00adlich Mar\u00adi\u00e4 Him\u00admelfahrt genan\u00adnte Fest hat eine sehr alte Tra\u00addi\u00adtion. Es geht auf ein Marien\u00adfest zur\u00fcck, das Cyrill von Alexan\u00addrien im 5. Jahrhun\u00addert ein\u00adf\u00fchrte und schon damals auf den 15. August fest\u00adset\u00adzte. Dieser Tag gilt tra\u00addi\u00adtionell als Todestag Marias.<\/p>\n<p>Schon Kaiser Augus\u00adtus ord\u00adnete an, jeden August (sp\u00e4ter am 15. August) seinen Sieg \u00fcber Anto\u00adnius und Kleopa\u00adtra vom Jahr 30 v. Chr. im ganzen r\u00f6mis\u00adchen Reich zu feiern. Kleopa\u00adtra, die let\u00adzte ptolom\u00e4is\u00adche Herrscherin von \u00c4gypten, hat\u00adte sich (wie in \u00c4gypten \u00fcblich) als Isis verg\u00f6t\u00adtlicht verehren lassen. Sicher\u00adlich beste\u00adht zwis\u00adchen dem Sieges\u00adfest \u00fcber Kleopa\u00adtra (und Anto\u00adnius) und dem Fest der Auf\u00adnahme Marias in den Him\u00admel ein Zusam\u00admen\u00adhang, stellt Kleopa\u00adtra doch die unrecht\u00adm\u00e4\u00dfige Verg\u00f6t\u00adtlichung des Men\u00adschen dar, w\u00e4hrend in Maria die durch Christi Tat ents\u00fch\u00adnte Seele der Men\u00adschheit erkan\u00adnt wird. Mar\u00adi\u00e4 Him\u00admelfahrt ist damit eine Vor\u00adweg\u00adnahme und stellt im Bild das Ziel der Men\u00adschheit\u00adsen\u00adtwick\u00adlung&nbsp;dar.<\/p>\n<p>Zum Ewigkeitsson\u00adntag und der Wiederkun\u00adft Christi siehe Blog <a href=\"https:\/\/www.stellamaris-seelenkalender.de\/?page_id=1490\">34 h<\/a>.<\/p>\n<p>Aus\u00adnahm\u00adsweise will ich hier auch auf die Laute der Mantren einge\u00adhen, auf das S und das H, denn auch in ihnen ist ein Schl\u00fcs\u00adsel zum Ver\u00adh\u00e4lt\u00adnis der bei\u00adden Spiegel\u00adspr\u00fcche 19 S und 34 h enthal\u00adten. Rudolf Stein\u00ader spricht im Zusam\u00admen\u00adhang mit dem M, dem Laut des Men\u00adschen und des Aus\u00adgle\u00adichs (siehe Blog <a href=\"https:\/\/www.stellamaris-seelenkalender.de\/?page_id=2978\">13 M \u2014 38 m<\/a>) \u00fcber die Laute S und H. Er beschreibt sie als Aus\u00addruck der bei\u00adden im Gle\u00adichgewicht zu hal\u00adtenden Gegen\u00adm\u00e4chte. \u201cDas S ist, wenn ich mich jet\u00adzt anthro\u00adposophisch aus\u00addr\u00fcck\u00aden darf, der eigentlich ahri\u00adman\u00adis\u00adche Laut, und das M ist das\u00adjenige, was das Ahri\u00adman\u00adis\u00adche in sein\u00ader Eigen\u00adschaft mildert, abmildert, was ihm, wenn ich so sagen darf, seine ahri\u00adman\u00adis\u00adche St\u00e4rke nimmt.&nbsp;\u2026<\/p>\n<p>In diesem H liegt etwas, was unmit\u00adtel\u00adbar luz\u00adiferisch sich aus\u00adnimmt. Es ist also das Luz\u00adiferische in dem H, das da zum Aus\u00addrucke kommt. \u2026 wenn man das H macht und es gle\u00adich \u00fcberge\u00adhen l\u00e4\u00dft in ein M. \u2026 Da haben Sie die ganze Anschau\u00adung des Luz\u00adiferischen abgemildert, ihm die Spitze genom\u00admen \u2026\u201d (GA 315, S. 32&nbsp;ff)<\/p>\n<h4><strong>\u00dcber die Spiegelspr\u00fcche 19 S und 34&nbsp;h<br>\n<\/strong><\/h4>\n<p>Die Mantren <a href=\"https:\/\/www.stellamaris-seelenkalender.de\/?page_id=1209\">19 S<\/a> und <a href=\"https:\/\/www.stellamaris-seelenkalender.de\/?page_id=1490\">34 h<\/a> sind wahrlich geheimnisvoll, denn sie sprechen von etwas, das zwar als Neu-Emp\u00adfan\u00adgen bzw. als Alt-Bewahrt von dem jew\u00adeils dif\u00adferen\u00adziert beobach\u00adt\u00aden\u00adden Ich-Sprech\u00ader beschrieben wird, doch f\u00fcr den Leser bleibt unklar, um was es sich da wirk\u00adlich han\u00addelt. Dadurch ist jed\u00ader Leser aufgerufen, durch Selb\u00adstre\u00adflex\u00adion zu ergr\u00fcn\u00adden, was in der Seele dem Neu-Emp\u00adfan\u00adgenen und dem Alt-Bewahrten entsprechen k\u00f6nnte.<\/p>\n<p>Das Neu-Emp\u00adfan\u00adgene soll mit der Erin\u00adnerung umschlossen wer\u00adden (19 S), das Alt-Bewahrte mit neuer\u00adstanden\u00adem Eigen\u00adsein sich beleben (34 h). Wenn das Alt-Bewahrte sich mit neuer\u00adstanden\u00adem, aufer\u00adstanden\u00adem Eigen\u00adsein belebt, k\u00f6n\u00adnte das Umschlie\u00dfen mit Erin\u00adnerung bedeuten, dass das Neu-Emp\u00adfan\u00adgene einen gewis\u00adsen Tode\u00adsprozess durchzu\u00admachen hat. Das l\u00e4sst sich beobacht\u00aden: Was im gegen\u00adw\u00e4r\u00adti\u00adgen Moment erlebt und gedacht wird, f\u00e4llt schon im n\u00e4ch\u00adsten Augen\u00adblick der Ver\u00adgan\u00adgen\u00adheit anheim und \u201cstirbt\u201d, wenn es nicht als Erin\u00adnerung auf\u00adbe\u00adwahrt, sozusagen mumi\u00adfiziert wird. Erin\u00adnern, so sagt Rudolf Stein\u00ader, ist nicht das Her\u00adaufhohlen eines ins Unter\u00adbe\u00adwusst\u00adsein abge\u00adtaucht\u00aden Vorstel\u00adlungs\u00adbildes, son\u00addern ein Beleben ein\u00ader Men\u00adschen\u00adform, eines Men\u00adschen\u00adphan\u00adtoms, welch\u00ades das Erin\u00adnerungs\u00adbild ver\u00admit\u00adtelt, wie die Buch\u00adstaben den Inhalt der Schrift trans\u00adportieren (siehe Blog <a href=\"https:\/\/www.stellamaris-seelenkalender.de\/?page_id=1209\">19 S<\/a>). Das Neu-Emp\u00adfan\u00adgene (19 S) kann deshalb als die Summe aller \u00e4u\u00dferen und inneren Erleb\u00adnisse ange\u00adse\u00adhen wer\u00adden, das Alt-Bewahrte (34 h) als die Gesamtheit gesam\u00admelter Erfahrun\u00adgen, als der Schatz der Erinnerungen.<\/p>\n<p>Die Bele\u00adbung des Alt-Bewahrten (34 h), der Erin\u00adnerung, also des Men\u00adschen\u00adphan\u00adtoms, find\u00adet in ein\u00ader neuen Gegen\u00adwart mit der zu Bewusst\u00adsein gewor\u00adde\u00adnen Leben\u00adskraft statt, die in dem Moment zur Ver\u00adf\u00fc\u00adgung ste\u00adht. Das die Erin\u00adnerung bergende Men\u00adschen\u00adphan\u00adtom muss also belebt wer\u00adden, zum Leben erweckt wer\u00adden. Rudolf Stein\u00ader ver\u00adgle\u00adicht diesen Vor\u00adgang mit dem Lesen, bei dem die Buch\u00adstaben den Inhalt \u201ctra\u00adgen\u201d ohne mit ihm iden\u00adtisch zu sein. Der Inhalt des Textes muss durch den Ver\u00adstand aus den Zeichen \u201cerweckt\u201d werden.<\/p>\n<p>Erin\u00adnerung, wie sie hier gemeint ist, wird mit dem belebt, was dem Men\u00adschen in dem Moment eigen ist, mit seinem Eigen\u00adsein, mit sein\u00ader eige\u00adnen Leben\u00adskraft. Das Eigen\u00adsein bein\u00adhal\u00adtet son\u00adst das Abge\u00adgren\u00adzt\u00adsein als Eigen\u00adwe\u00adsen und die neg\u00ada\u00adtive Kon\u00adno\u00adta\u00adtion des Egos, doch hier r\u00fcckt dieses \u201cEigen\u00adsein\u201d in die N\u00e4he des \u201cIch-Seins\u201d. Stets ist dieses \u201cIch-Sein\u201d ein in der Gegen\u00adw\u00e4r\u00adtigkeit aufleuch\u00adt\u00aden\u00addes Ich. Und dieses gegen\u00adw\u00e4r\u00adtige Ich erin\u00adnert und schaut zur\u00fcck auf das ver\u00adgan\u00adgene Erleb\u00adnis und gle\u00adichzeit\u00adig auf sich selb\u00adst, auf sein dama\u00adliges \u201cIch-Sein\u201d.<\/p>\n<p>Nun fol\u00adgt in bei\u00adden Mantren nach einem Dop\u00adpelpunkt, welchen Sinn die geheimnisvollen Vorg\u00e4nge haben. In bei\u00adden Mantren hei\u00dft es \u201cEs soll \u2026\u201d und ein erstes Ziel wird genan\u00adnt, an das sich mit \u201cund\u201d jew\u00adeils ein zweites, \u00fcber\u00adge\u00adord\u00adnetes, gro\u00dfes Ziel anschlie\u00dft.<\/p>\n<p>Beim ersten Ziel geht es in bei\u00adden Mantren um Kr\u00e4fte: im Mantra 19 S um <em>Eigenkr\u00e4fte<\/em>, im Mantra 34 h um <em>Wel\u00adtenkr\u00e4fte<\/em>. Eigenkr\u00e4fte sind Bewusst\u00adsein\u00adskr\u00e4fte, Wel\u00adtenkr\u00e4fte sind Kr\u00e4fte, die die Wahrnehmungswelt erschaf\u00adfen, damit das Licht der Bewusst\u00adseinssonne etwas bescheinen, etwas in den Fokus nehmen kann. Die Eigenkr\u00e4fte sind <em>erstark\u00adend<\/em> (19 S), die Wel\u00adtenkr\u00e4fte sind <em>erweck\u00adend<\/em> (34 h). Die Bewusst\u00adsein\u00adskraft w\u00e4chst st\u00e4ndig durch die Rei\u00adfung und das Ler\u00adnen des Men\u00adschen \u2014 sie erstarkt durch die Erleb\u00adnisse, das Neu-Emp\u00adfan\u00adgene (19 S). Die Wel\u00adtenkr\u00e4fte sind erweck\u00adend, weil die Wahrnehmungswelt \u2014 nun die erin\u00adnerte, alt-bewahrte und neu als Vorstel\u00adlung belebte \u2014 diejenige ist, in der sich kraft men\u00adschlich\u00ader Kop\u00adfar\u00adbeit Zusam\u00admen\u00adh\u00e4nge denk\u00adend erschlie\u00dfen (34 h). Anders als im realen Erleben k\u00f6n\u00adnen in der Reflex\u00adion, in der inneren Ver\u00adar\u00adbeitung Bez\u00fcge zu gr\u00f6\u00dferen Zusam\u00admen\u00adh\u00e4n\u00adgen erkan\u00adnt und neue Per\u00adspek\u00adtiv\u00aden ein\u00adgenom\u00admen werden.<\/p>\n<p>Die erstark\u00adenden Eigenkr\u00e4fte sollen im Innern <em>geweckt<\/em> wer\u00adden (19 S), die erweck\u00adenden Wel\u00adtenkr\u00e4fte sollen sich <em>ergie\u00dfen <\/em>(34 h). Sie sollen in das Au\u00dfen\u00adwerk meines Lebens flie\u00dfen, sich dort hineingie\u00dfen. Das Neu-Emp\u00adfan\u00adgene, Erin\u00adner\u00adbargemachte, soll erstark\u00adende Eigenkr\u00e4fte im Innern weck\u00aden (19 S). Ein im Innern gesam\u00admelter Erin\u00adnerungss\u00adchatz st\u00e4rkt die Eigenkr\u00e4fte, denn sie sind inner\u00ader Besitz. Das Alt-Bewahrte, mit Eigen\u00adsein Belebte und aktuell Erin\u00adnerte, soll erweck\u00adende Wel\u00adtenkr\u00e4fte in das Au\u00dfen\u00adwerk meines Lebens, in meine Tat\u00aden ergie\u00dfen (34 h). Jede Hand\u00adlung speist sich aus dem Erfahrungs- und Erken\u00adnt\u00adniss\u00adchatz eines ganzen Lebens. In das Werk im Au\u00dfen, das Lebenswerk, flie\u00dft ein, was ein Men\u00adsch erfuhr und sich erar\u00adbeit\u00adet&nbsp;hat.<\/p>\n<p>Ganz schlicht mit \u201cund\u201d ange\u00adf\u00fcgt fol\u00adgt nun in bei\u00adden Mantren das \u00fcber\u00adge\u00adord\u00adnete, eigentliche Ziel des beschriebe\u00adnen Vor\u00adgangs. Dieses Ziel bet\u00adrifft in bei\u00adden Mantren den wer\u00adden\u00adden, sich entwick\u00adel\u00adnden Men\u00adschen. Das Schaf\u00adfen von Erin\u00adnerun\u00adgen durch das Neu-Emp\u00adfan\u00adgene (19 S) soll zun\u00e4chst erstark\u00adende Eigenkr\u00e4fte im Innern weck\u00aden und \u201c<em>mich mir sel\u00adber geben<\/em>\u201d als Wer\u00adden\u00adder, in Entwick\u00adlung begrif\u00adf\u00aden\u00ader Men\u00adsch. Das tat\u00ads\u00e4ch\u00adliche Erin\u00adnern des Alt-Bewahrten (34 h), das Beleben der Vorstel\u00adlun\u00adgen mit Eigen\u00adsein, mit eigen\u00ader, neuer Leben\u00adskraft, l\u00e4sst erweck\u00adende Wel\u00adtenkr\u00e4fte, den Erfahrungss\u00adchatz, sich in die Tat\u00aden ergie\u00dfen, und das soll eben\u00adfalls als Wer\u00addende \u201c<em>mich ins Dasein pr\u00e4\u00adgen<\/em>\u201d. Schon bei Erin\u00adnerun\u00adgen spricht man davon, dass sie sich ein\u00adpr\u00e4\u00adgen. Seinen Tat\u00aden gibt der Men\u00adsch sich sel\u00adber mit. Er bleibt karmisch mit seinem Werk ver\u00adbun\u00adden, denn die Welt bewahrt ihn durch seine Tat\u00aden in ihrem Ged\u00e4cht\u00adnis. Er hat sich durch seine Hand\u00adlun\u00adgen ins Dasein gepr\u00e4gt.<\/p>\n<p>Die aktuellen Erleb\u00adnisse f\u00fchren dazu, dass der Men\u00adsch Erin\u00adnerun\u00adgen erschafft und sich selb\u00adst gegeben wird (19 S). Die ver\u00adar\u00adbeit\u00adeten Erleb\u00adnisse, mithin seine gesam\u00admelten Erfahrun\u00adgen, f\u00fchren dazu, dass der Men\u00adsch sich in der Welt ver\u00adwirk\u00adlicht, sich in ihr Ged\u00e4cht\u00adnis ein\u00adpr\u00e4gt (34&nbsp;h).<\/p>\n<p>Maria als Nach\u00adfol\u00adgerin der Isis kann eben\u00adso als die Zeit ange\u00adse\u00adhen wer\u00adden, denn von der Isis hei\u00dft es am Tem\u00adpel zu Sais, dass sie die Ver\u00adgan\u00adgen\u00adheit, die Gegen\u00adwart und die Zukun\u00adft ist. Die Zeit gebiert alles Leben, alles Sein. Und so, wie sie fortw\u00e4hrend neues Leben gebiert, stirbt sie mit jed\u00ader verge\u00adhen\u00adden Sit\u00adu\u00ada\u00adtion. Indem die Erleb\u00adnisse erin\u00adner\u00adbar wer\u00adden, mit Erin\u00adnerung umschlossen wer\u00adden, erf\u00e4hrt die Zeit \u2014 Maria \u2014 ihre Him\u00admelfahrt, ihre Verewi\u00adgung. Wie Maria durch ihre Him\u00admelfahrt, erh\u00e4lt das Erleb\u00adnis \u00fcber den Tod des Moments fort\u00addauern\u00addes Leben, indem die Erleb\u00adnisse zu Erin\u00adnerun\u00adgen gemacht wer\u00adden. Im Men\u00adschen wirkt die Zeit so, dass in der Gegen\u00adw\u00e4r\u00adtigkeit das Ich-Erleb\u00adnis auf\u00adblitzt. Hier gebiert Maria \u2014 die Zeit \u2014 fortw\u00e4hrend das Erleb\u00adnis, ein Ich zu sein. Das Mantra 19 S sagt, ich werde als in Entwick\u00adlung begrif\u00adf\u00aden\u00ader Men\u00adsch mir sel\u00adber gegeben, bzw. ich gebe mich mir selber.<\/p>\n<p>Die neu belebten, aufer\u00adstande\u00adnen, inner\u00adlich ver\u00adar\u00adbeit\u00adeten Erin\u00adnerun\u00adgen tra\u00adgen Chris\u00adtuskraft in sich. In der Ver\u00adant\u00adwor\u00adtung f\u00fcr die eige\u00adnen Tat\u00aden wird das Ich stark. Die Tat\u00aden pr\u00e4\u00adgen den Men\u00adschen ins Dasein und bewahren ihn dort, bis er in einem neuen Leben weit\u00ader\u00adar\u00adbeit\u00aden kann an seinen Hin\u00adter\u00adlassen\u00adschaften. Das All\u00adt\u00adags-Ich dieses Lebens wird als Wer\u00adden\u00addes aufgenom\u00admen in das Weltged\u00e4cht\u00adnis des Christus-Ichs.<\/p>\n<p>Die ver\u00adfes\u00adti\u00adgende ahri\u00adman\u00adis\u00adche S\u2011Kraft kann im Umschlie\u00dfen des Neu-Emp\u00adfan\u00adgenen erlebt wer\u00adden. Um das Erlebte dauer\u00adhaft machen zu k\u00f6n\u00adnen, es in Men\u00adschen\u00adphan\u00adtome, in seel\u00adis\u00adche \u201cSchriftze\u00adichen\u201d ban\u00adnen zu k\u00f6n\u00adnen, bedarf der Men\u00adsch sicher\u00adlich der Hil\u00adfe Ahri\u00admans. In der Seele h\u00e4lt sich dieser Prozess im Gle\u00adichgewicht, indem die H\u2011Kraft als luz\u00adiferische Hil\u00adfe von\u00adn\u00f6ten ist, um das Alt-Bewahrte mit Eigen\u00adsein zu beleben \u2014 um ihm Leben\u00adsatem einzuhauchen. Es ist die Gabe Luz\u00adifers, dass sich der Men\u00adsch als ein Eigen\u00adwe\u00adsen und nicht als Glied des g\u00f6t\u00adtlichen Seins ohne eigenes Bewusst\u00adsein erlebt.<\/p>\n<p>Die Geheimnisse von Mar\u00adi\u00e4 Him\u00admelfahrt in der Woche 19 S, der ahri\u00adman\u00adis\u00adchen S\u2011Kraft, und die Geheimnisse vom Ewigkeitsson\u00adntag, dem Christk\u00f6nig\u00adtag in der Woche 34 h, der luz\u00adiferischen h\u2011Kraft, zeigen sich vor diesem Hin\u00adter\u00adgrund als Aus\u00adgle\u00adich schaf\u00adfende, heilende Besch\u00fctzer des Menschen.<\/p>\n<p>Eine Erweiterung dieses Gedankens ergibt sich, wenn auch die Gegen\u00adspr\u00fcche bei\u00adder Mantren angeschaut werden.<\/p>\n<p><img loading=\"lazy\" decoding=\"async\" src=\"https:\/\/www.stellamaris-seelenkalender.de\/wp-content\/uploads\/2025\/11\/19-S-34-h-Mariae-Himmelfahrt-Ewigkeitssonntag-300x178.png\" alt width=\"300\" height=\"178\"><\/p>\n<p><em>Die Mantren der ahri\u00adman\u00adis\u00adchen S\u2011Kraft und der luz\u00adiferischen H\u2011Kraft<\/em><\/p>\n<p>Der Gegen\u00adspruch zum Mantra 19 S ist 44 s, die erste Woche der Oster\u00adscholle. Wird diese Woche nicht vom kom\u00admenden Oster\u00adfest her bes\u00adtimmt, son\u00addern mit dem Zeit\u00adstrom weit\u00adergez\u00e4hlt, liegt in dieser Woche meist Lichtmess, auch Mar\u00adi\u00e4 Reini\u00adgung genan\u00adnt. Mit bei\u00adden Mantren ist deshalb Maria verbunden.<\/p>\n<p>Der Gegen\u00adspruch zum Mantra 34 h ist 8 H, die Pfin\u00adgst\u00adwoche. Pfin\u00adg\u00adsten wird die Her\u00adabkun\u00adft des Heili\u00adgen Geistes in Form von Feuerzun\u00adgen und die Aussendung der Apos\u00adtel gefeiert. Mit diesen Mantren ist der im Geist weilende und zur Erde zur\u00fcck\u00adk\u00adom\u00admende Chris\u00adtus und der Heilige Geist verbunden.<\/p>\n<p>Betra\u00adchte ich den See\u00adlenkalen\u00adder als Weg der Seele, so umfasst die Oster\u00adscholle die Inkar\u00adna\u00adtion \u2014 und zwar die vor\u00f6ster\u00adliche Zeit das Leib\u00adw\u00ader\u00adden bis zur Geburt, die nach\u00f6ster\u00adliche Zeit das Leben bis zum Tod. Die Wochen 34 h und 44 s des Win\u00adter-Hal\u00adb\u00adjahres stellen ein Zur-Erde-Kom\u00admen dar; der Chris\u00adtus mit dem Ewigkeitsson\u00adntag, die Seele zum Beginn der Oster\u00adscholle. Die jew\u00adeili\u00adgen Feste der Gegen\u00adspr\u00fcche im Som\u00admer-Hal\u00adb\u00adjahr bedeuten dage\u00adgen ein Erheben in h\u00f6here Sph\u00e4ren, der Maria in den Him\u00admel und der Apos\u00adtel zu ihrem neuen weltweit\u00aden Wirken.<\/p>\n<p>&nbsp;<\/p>\n\t\t\t<a href=\"https:\/\/www.stellamaris-seelenkalender.de\/?page_id=1209\" target=\"_self\">\n\t\t\t\t\t\tBlog zum Spruch 19&nbsp;S&nbsp;<\/a>\n\t\t\t<a href=\"https:\/\/www.stellamaris-seelenkalender.de\/?page_id=1490\" target=\"_self\">\n\t\t\t\t\t\tBlog zum Spruch 34&nbsp;h&nbsp;<\/a>\n\t\t\t<a href=\"https:\/\/www.stellamaris-seelenkalender.de\/?page_id=2506\" target=\"_self\">\n\t\t\t\t\t\tn\u00e4ch\u00adster Blog-Ein\u00adtrag Sommer-Halbjahr&nbsp;<\/a>\n\t\t\t<a href=\"https:\/\/www.stellamaris-seelenkalender.de\/?page_id=2465\" target=\"_self\">\n\t\t\t\t\t\tn\u00e4ch\u00adster Blog-Ein\u00adtrag Winter-Halbjahr&nbsp;<\/a>\n\t\t\t<a href=\"https:\/\/www.stellamaris-seelenkalender.de\/?page_id=136\" target=\"_self\">\n\t\t\t\t\t\tzur\u00fcck zur \u00dcbersicht&nbsp;<\/a>\n\n","protected":false},"excerpt":{"rendered":"<p>Die spiegel\u00adnden Mantren 19 S und 34&nbsp;h 19 S Geheimnisvoll das Neu-Empfang\u2019ne Mit der Erin\u00adn\u2019rung zu umschlie\u00dfen, Sei meines Strebens weitr\u00ader Sinn: Es soll erstark\u00adend Eigenkr\u00e4fte In meinem Innern weck\u00aden Und wer\u00addend mich mir sel\u00adber geben. 34 h Geheimnisvoll das Alt-Bewahrte Mit neuer\u00adstand\u00adnem Eigen\u00adsein Im Innern sich belebend f\u00fchlen: Es soll erweck\u00adend Wel\u00adtenkr\u00e4fte In meines\u2026<\/p>\n","protected":false},"author":1,"featured_media":0,"parent":0,"menu_order":0,"comment_status":"closed","ping_status":"closed","template":"","meta":{"wp_typography_post_enhancements_disabled":false,"footnotes":""},"class_list":["post-2488","page","type-page","status-publish","hentry"],"_links":{"self":[{"href":"https:\/\/www.stellamaris-seelenkalender.de\/index.php?rest_route=\/wp\/v2\/pages\/2488","targetHints":{"allow":["GET"]}}],"collection":[{"href":"https:\/\/www.stellamaris-seelenkalender.de\/index.php?rest_route=\/wp\/v2\/pages"}],"about":[{"href":"https:\/\/www.stellamaris-seelenkalender.de\/index.php?rest_route=\/wp\/v2\/types\/page"}],"author":[{"embeddable":true,"href":"https:\/\/www.stellamaris-seelenkalender.de\/index.php?rest_route=\/wp\/v2\/users\/1"}],"replies":[{"embeddable":true,"href":"https:\/\/www.stellamaris-seelenkalender.de\/index.php?rest_route=%2Fwp%2Fv2%2Fcomments&post=2488"}],"version-history":[{"count":1,"href":"https:\/\/www.stellamaris-seelenkalender.de\/index.php?rest_route=\/wp\/v2\/pages\/2488\/revisions"}],"predecessor-version":[{"id":3853,"href":"https:\/\/www.stellamaris-seelenkalender.de\/index.php?rest_route=\/wp\/v2\/pages\/2488\/revisions\/3853"}],"wp:attachment":[{"href":"https:\/\/www.stellamaris-seelenkalender.de\/index.php?rest_route=%2Fwp%2Fv2%2Fmedia&parent=2488"}],"curies":[{"name":"wp","href":"https:\/\/api.w.org\/{rel}","templated":true}]}}