{"id":235,"date":"2021-05-28T15:51:31","date_gmt":"2021-05-28T13:51:31","guid":{"rendered":"https:\/\/www.stellamaris-seelenkalender.de\/?page_id=235"},"modified":"2021-10-07T22:25:50","modified_gmt":"2021-10-07T20:25:50","slug":"gut-zu-wissen-stiftung","status":"publish","type":"page","link":"https:\/\/www.stellamaris-seelenkalender.de\/?page_id=235","title":{"rendered":"Gut zu wissen \u2014 Stiftung"},"content":{"rendered":"\n<h2>\n\t\tEine Stiftung f\u00fcr den Seelenkalender?&nbsp;<\/h2>\n\t\t\t<a href=\"https:\/\/www.stellamaris-seelenkalender.de\/?page_id=99\" target=\"_self\" role=\"button\" rel=\"noopener\">\n\t\t\t\t\t\th\u00f6ren&nbsp;<\/a>\n\t<p>\u2026 ist der See\u00adlenkalen\u00adder das erste und einzige Ergeb\u00adnis dieser Stiftung (Vir\u00adginia Sease, Rudolf Stein\u00aders Ver\u00adsuch ein\u00ader Stiftung f\u00fcr Theosophis\u00adche Art und Kun\u00adst 15. Dezem\u00adber 1911, Eine Betra\u00adch\u00adtung nach 100 Jahren, Dor\u00adnach 2012, S. 101). Ist es nicht denkbar, dass der See\u00adlenkalen\u00adder und die Ziele der Stiftung zusam\u00admen betra\u00adchtet wer\u00adden m\u00fcssen? Liegt es nicht nahe zu ver\u00admuten, dass Rudolf Stein\u00ader den See\u00adlenkalen\u00adder schuf, um den Men\u00adschen, die hier aktiv wer\u00adden soll\u00adten, etwas an die Hand zu geben? Oder war es umgekehrt? Rief er die Stiftung f\u00fcr den schon im Entste\u00adhen begrif\u00adf\u00ade\u00adnen See\u00adlenkalen\u00adder ins Leben? Da die Stiftung aus Gr\u00fcn\u00adden, auf die hier nicht einge\u00adgan\u00adgen wer\u00adden soll scheit\u00aderte, musste der See\u00adlenkalen\u00adder ohne dieses men\u00adschliche Umfeld ins Leben treten.<\/p>\n<p>&nbsp;<\/p>\n<h4>Das Ziel der Stiftung f\u00fcr Thesophische Art und&nbsp;Kunst<\/h4>\n<p>In der Stiftungsansprache for\u00admulierte Rudolf Stein\u00ader die Auf\u00adgabe der Stiftung auf\u00adfal\u00adl\u00adend unkonkret und m\u00fch\u00adsam. Das, um was es ihm ging, ist noch nicht da, ist noch unaussprech\u00adbar. Die Ver\u00admu\u00adtung liegt nahe, hier an den See\u00adlenkalen\u00adder zu denken, da er mit gro\u00dfer Wahrschein\u00adlichkeit bere\u00adits in Vor\u00adbere\u00aditung war. Nach eige\u00adnen Aus\u00adsagen hat Rudolf Stein\u00ader viele Jahre an ihm geforscht. \u201eJene Med\u00adi\u00adta\u00adtio\u00adnen sind das Ergeb\u00adnis vielj\u00e4hriger okkul\u00adter Unter\u00adsuchun\u00adgen und Erfahrun\u00adgen.\u201d (GA 143, Vor\u00adtrag vom 16.5.1912, in Beitr\u00e4ge der Rudolf Stein\u00ader Gesam\u00adtaus\u00adgabe, Der Anthro\u00adposophis\u00adche See\u00adlenkalen\u00adder und der Kalen\u00adder 1912\/13, 1972, S.&nbsp;31).<\/p>\n<p>&nbsp;<\/p>\n<h4>Die Stiftungsansprache<\/h4>\n<p>Um das Unsag\u00adbare hin\u00adter den vie\u00adlen Worten der Stiftungsansprache erleb\u00adbar zu machen, zitiere ich eine l\u00e4n\u00adgere Pas\u00adsage. Die Her\u00advorhe\u00adbun\u00adgen stam\u00admen von mir und sollen die wesentlichen Aus\u00adsagen mit einem rot\u00ader Faden verbinden. \u201eDaher soll Ihnen in diesem Augen\u00adblicke verk\u00fcn\u00addet wer\u00adden, dass unter den\u00adjeni\u00adgen Men\u00adschen, die sich in entsprechen\u00adder Weise dazu find\u00aden wer\u00adden, ges\u00adtiftet wer\u00adden soll eine <strong>Arbeitsweise<\/strong>, welche durch die Art und Weise der Stiftung zum direk\u00adten Aus\u00adgangspunkt hat diejenige Indi\u00advid\u00adu\u00adal\u00adit\u00e4t, die wir seit den abendl\u00e4ndis\u00adchen Vorzeit\u00aden mit dem Namen <strong>Chris\u00adt\u00adian Rosenkreutz<\/strong> bele\u00adgen. Das\u00adjenige, was heute schon \u00fcber diese Stiftung gesagt wer\u00adden kann, das bleibt pr\u00e4lim\u00adi\u00adnar\u00adisch. Denn was bish\u00ader ges\u00adtiftet wer\u00adden kon\u00adnte, bezieht sich nur auf einen Teil dieser Stiftung, die in einem umfassenden Sinne, wenn die M\u00f6glichkeit\u00aden gegeben sind, in die Welt treten soll. Das, was bish\u00ader ges\u00adtiftet wer\u00adden kon\u00adnte, bezieht sich auf die eine Abteilung, auf den einen Zweig dieser Stiftung, n\u00e4m\u00adlich auf die k\u00fcn\u00adst\u00adlerische Vertre\u00adtung des rosenkreuzerischen Okkultismus.<\/p>\n<p>Der erste Punkt, den ich Ihnen mitzuteilen habe, ist der, dass unter dem unmit\u00adtel\u00adbaren Pro\u00adtek\u00adtorat \u2026. Chris\u00adt\u00adian Rosenkreutz als Stiftung ins Leben treten soll eine <strong>Arbeitsweise<\/strong>, welche zun\u00e4chst dadurch sich charak\u00adter\u00adisieren will, dass sie f\u00fcr einige Zeit , f\u00fcr die n\u00e4ch\u00adste Zeit, den <strong>pro\u00advi\u00adsorischen Namen<\/strong> tra\u00adgen soll: &lt;Gesellschaft f\u00fcr theosophis\u00adche Art und Kun\u00adst&gt;. Dieser Name ist nicht der defin\u00adi\u00adtive, son\u00addern es wird ein defin\u00adi\u00adtiv\u00ader Name an die Stelle treten, wenn in entsprechen\u00adder Weise die ersten Vor\u00adbere\u00aditun\u00adgen f\u00fcr das Hin\u00adaus\u00adtra\u00adgen dieser Stiftung in die Welt haben gemacht wer\u00adden k\u00f6n\u00adnen. <strong>Das\u00adjenige, was umfassen soll die &lt;theosophis\u00adche Art&gt;, das ist aber noch v\u00f6l\u00adlig im Keimzu\u00ads\u00adtande, denn es wird sich erst darum han\u00addeln, dass noch die Vor\u00adbere\u00aditun\u00adgen dazu getrof\u00adfen wer\u00adden, die zu einem Ver\u00adst\u00e4nd\u00adnis f\u00fchren k\u00f6n\u00adnen dessen, was damit gemeint ist.<\/strong> Das aber, was unter dem Begriff der theosophis\u00adchen Kun\u00adst gefasst wer\u00adden kann, hat ja in man\u00adnig\u00adfaltiger Weise schon einen Anfang genom\u00admen durch unsere Ver\u00adsuche \u2026. (Aufz\u00e4h\u00adlung ver\u00adschieden\u00ader Ini\u00adtia\u00adtiv\u00aden, A.F). Das ist alles etwas, das einen Anfang genom\u00admen hat. In Bezug darauf ist etwas da, dem als in ein\u00ader gewis\u00adsen Weise Erprobtem die Sank\u00adtion erteilt wer\u00adden&nbsp;darf.<\/p>\n<p>Es han\u00addelt sich darum, dass inner\u00adhalb des Arbeit\u00adskreis\u00ades eine <strong>rein geistige Auf\u00adgabe<\/strong> <strong>erwachen<\/strong> soll, eine Auf\u00adgabe, welche sich ersch\u00f6pfen wird in ein\u00ader <strong>geisti\u00adgen Arbeitsweise<\/strong> und in dem, was resul\u00adtiert aus ein\u00ader solchen geisti\u00adgen Arbeitsweise.&nbsp;\u2026<\/p>\n<p>Nun, das\u00adjenige was schon geschehen kon\u00adnte inner\u00adhalb dieser Stiftung, beste\u00adht eigentlich darin, dass nach rein okkul\u00adten Grund\u00ads\u00e4tzen (Geset\u00adzen) ein zun\u00e4chst ganz klein\u00ader, winzig klein\u00ader Kreis geschaf\u00adfen wurde, welch\u00ader seine Verpflich\u00adtung darin sehen soll, mitzuwirken an dem, worum es sich dabei han\u00addelt. Dieser winzig kleine Kreis ist zun\u00e4chst so beschaf\u00adfen, dass mit ihm ein Anfang gemacht wer\u00adden soll f\u00fcr diese Stiftung, um in einem gewis\u00adsen Sinne das\u00adjenige, was unsere geistige Str\u00f6\u00admung ist, <strong>von mir sel\u00adber abzul\u00f6sen und ihr einen eige\u00adnen, in sich selb\u00adst begr\u00fcn\u00adde\u00adten Bestand (Sub\u00adstanz) zu geben<\/strong>, einen in sich selb\u00adst begr\u00fcn\u00adde\u00adten Bestand!<\/p>\n<p>Sodass also zun\u00e4chst dieser kleine Kreis mit der Sank\u00adtion vor Sie hin\u00adtritt, dass er als solch\u00ader seine <strong>Auf\u00adgabe emp\u00adfan\u00adgen hat ver\u00adm\u00f6ge sein\u00ader eige\u00adnen Anerken\u00adnung unser\u00ader geisti\u00adgen Str\u00f6\u00admung, und dass er in ein\u00ader gewis\u00adsen Weise das Prinzip der Sou\u00adver\u00e4nit\u00e4t des geisti\u00adgen Strebens, das Prinzip des F\u00f6der\u00adal\u00adis\u00admus und der Selb\u00adst\u00e4ndigkeit alles geisti\u00adgen Strebens als die unbe\u00add\u00adingt Notwendigkeit f\u00fcr die geistige Zukun\u00adft sieht, und es in der Art, wie er es f\u00fcr angemessen h\u00e4lt, in die Men\u00adschheit hinein\u00adtra\u00adgen soll<\/strong>. Daher werde ich selb\u00adst inner\u00adhalb der Stiftung, um die es sich han\u00addelt, nur zu gel\u00adten haben als der Inter\u00adpret zun\u00e4chst der Grund\u00ads\u00e4tze, die als solche nur in der geisti\u00adgen Welt allein vorhan\u00adden sind, als Inter\u00adpret desjeni\u00adgen, was auf diese Weise zu sagen ist \u00fcber die Inten\u00adtio\u00adnen, die der Sache zugrunde liegen\u201d (in: Vir\u00adginia Sease, s.o. S. 113ff; aus GA&nbsp;264).<\/p>\n<p>Knapp zwei Jahre vor Erscheinen des See\u00adlenkalen\u00adders spricht Rudolf Stein\u00ader \u00fcber das Pfin\u00adgst\u00adfest, dessen Bedeu\u00adtung eben\u00adso eine Stiftung w\u00e4re \u2014 die Stiftung ein\u00ader neuen Art von Men\u00adschenge\u00admein\u00adschaft: \u201eNach der Ord\u00adnung der geisti\u00adgen Welt soll das Kar\u00adma des einzel\u00adnen mit dem Gesamtkar\u00adma ver\u00adbun\u00adden sein, nicht in beliebiger Weise, son\u00addern so, dass der Gemein\u00adde\u00ador\u00adgan\u00adis\u00admus ein Abbild der Ord\u00adnung im Him\u00admel werde \u2026 Es ist sozusagen die <strong>Stiftung<\/strong> der auf die Ich-Natur gebaut\u00aden Men\u00adschheit der Zukun\u00adft\u201d (GA 123, Vor\u00adtrag in Bern, 11.9. 1910). Ist es denkbar, dass die Stiftung f\u00fcr Art und Kun\u00adst eine Art pfin\u00adgstliche Gemein\u00adschaft sein sollte, nach der Ord\u00adnung der geisti\u00adgen Welt gebildet, die den See\u00adlenkalen\u00adder pfle\u00adgen und in die Welt tra\u00adgen sollte?<\/p>\n\t\t\t<a href=\"https:\/\/www.stellamaris-seelenkalender.de\/?page_id=225#Christian Rosenkreutz und der Seelenkalender\" target=\"_self\" role=\"button\" rel=\"noopener\">\n\t\t\t\t\t\tn\u00e4ch\u00adstes Kapitel&nbsp;<\/a>\n\t\t\t<a href=\"https:\/\/www.stellamaris-seelenkalender.de\/?page_id=225\" target=\"_self\" role=\"button\" rel=\"noopener\">\n\t\t\t\t\t\tzur\u00fcck zur \u00dcbersicht&nbsp;<\/a>\n\n","protected":false},"excerpt":{"rendered":"<p>Eine Stiftung f\u00fcr den See\u00adlenkalen\u00adder? h\u00f6ren \u2026 ist der See\u00adlenkalen\u00adder das erste und einzige Ergeb\u00adnis dieser Stiftung (Vir\u00adginia Sease, Rudolf Stein\u00aders Ver\u00adsuch ein\u00ader Stiftung f\u00fcr Theosophis\u00adche Art und Kun\u00adst 15. Dezem\u00adber 1911, Eine Betra\u00adch\u00adtung nach 100 Jahren, Dor\u00adnach 2012, S. 101). Ist es nicht denkbar, dass der See\u00adlenkalen\u00adder und die Ziele der Stiftung zusam\u00admen betrachtet\u2026<\/p>\n","protected":false},"author":1,"featured_media":0,"parent":0,"menu_order":0,"comment_status":"closed","ping_status":"closed","template":"","meta":{"wp_typography_post_enhancements_disabled":false,"footnotes":""},"class_list":["post-235","page","type-page","status-publish","hentry"],"_links":{"self":[{"href":"https:\/\/www.stellamaris-seelenkalender.de\/index.php?rest_route=\/wp\/v2\/pages\/235","targetHints":{"allow":["GET"]}}],"collection":[{"href":"https:\/\/www.stellamaris-seelenkalender.de\/index.php?rest_route=\/wp\/v2\/pages"}],"about":[{"href":"https:\/\/www.stellamaris-seelenkalender.de\/index.php?rest_route=\/wp\/v2\/types\/page"}],"author":[{"embeddable":true,"href":"https:\/\/www.stellamaris-seelenkalender.de\/index.php?rest_route=\/wp\/v2\/users\/1"}],"replies":[{"embeddable":true,"href":"https:\/\/www.stellamaris-seelenkalender.de\/index.php?rest_route=%2Fwp%2Fv2%2Fcomments&post=235"}],"version-history":[{"count":0,"href":"https:\/\/www.stellamaris-seelenkalender.de\/index.php?rest_route=\/wp\/v2\/pages\/235\/revisions"}],"wp:attachment":[{"href":"https:\/\/www.stellamaris-seelenkalender.de\/index.php?rest_route=%2Fwp%2Fv2%2Fmedia&parent=235"}],"curies":[{"name":"wp","href":"https:\/\/api.w.org\/{rel}","templated":true}]}}