{"id":201,"date":"2021-05-25T15:12:05","date_gmt":"2021-05-25T13:12:05","guid":{"rendered":"https:\/\/www.stellamaris-seelenkalender.de\/?page_id=201"},"modified":"2022-05-15T23:40:09","modified_gmt":"2022-05-15T21:40:09","slug":"seelenkalender-die-grossen-kreuze","status":"publish","type":"page","link":"https:\/\/www.stellamaris-seelenkalender.de\/?page_id=201","title":{"rendered":"Seelenkalender-die-grossen-Kreuze"},"content":{"rendered":"\n<h2>\n\t\tDie gro\u00dfen Kreuze im Seelenkalender&nbsp;<\/h2>\n\t<h4>\u2026 Das Lichtkreuz<\/h4>\n<p>All\u00adge\u00admein wer\u00adden vier Spr\u00fcche im See\u00adlenkalen\u00adder Licht\u00adspr\u00fcche genan\u00adnt, denn sie haben das Licht zum The\u00adma. Dies sind im Som\u00admer-Hal\u00adb\u00adjahr die Spr\u00fcche: 5 E und 22 V, im Win\u00adter-Hal\u00adb\u00adjahr 31 e und 48 w. Die bei\u00adden Spr\u00fcche 22 V und 31 e begin\u00adnen: <em>Das Licht \u2026<\/em>, und han\u00addeln vom Licht sel\u00adber. Sie liegen bei\u00adde in der recht\u00aden Kreis-H\u00e4lfte, der Jahresh\u00e4lfte der absteigen\u00adden Sonne, der Geist\u00adsph\u00e4re. Die Spr\u00fcche 5 E und 48 w begin\u00adnen: <em>Im Lichte, \u2026<\/em> und beschreiben (nach ein\u00ader Charak\u00adter\u00adis\u00adtik des Lichts), das vom Licht beleuchte. Diese bei\u00adden Spr\u00fcche liegen in der linken Kreis-H\u00e4lfte, der Jahresh\u00e4lfte der auf\u00adsteigen\u00adden Sonne, der Erd\u00adsph\u00e4re. Diese senkrecht zueinan\u00adder ste\u00adhen\u00adden Spr\u00fcche entsprechen sich gram\u00adma\u00adtisch, sie spiegeln.<\/p>\n\t<p><u>5 E (F\u00fcn\u00adfte Woche nach Ostern)<\/u><\/p>\n<strong>Im Lichte<\/strong>, das aus <strong>Geis\u00adtestiefen<\/strong><br>\nIm Raume frucht\u00adbar webend<br>\nDer G\u00f6t\u00adter Schaf\u00adfen offenbart:<br>\nIn ihm erscheint der Seele&nbsp;Wesen<br>\nGeweit\u00adet zu dem Weltensein<br>\nUnd auferstanden<br>\nAus enger Selb\u00ads\u00adtheit Innen\u00admacht.\n\t<p><u>22 V (Vierte August-Woche)<\/u><\/p>\n<strong>Das Licht<\/strong> aus <strong>Wel\u00adten<u>weit\u00aden<\/u><\/strong>,<br>\nIm Innern lebt es kr\u00e4ftig fort,<br>\nEs wird zum Seelenlichte,<br>\nUnd leuchtet in die Geistestiefen<br>\num Fr\u00fcchte zu entbinden,<br>\nDie Men\u00adschenselb\u00adst aus Weltenselbst<br>\nim Zeit\u00aden\u00adlaufe reifen lassen.&nbsp;<img loading=\"lazy\" decoding=\"async\" src=\"https:\/\/www.stellamaris-seelenkalender.de\/wp-content\/uploads\/2021\/05\/Abbildung_6_Seelenkalender_Stellamaris_Angela_Fischer.jpg-300x224.png\" alt=\"Abbildung_6_Seelenkalender_Stellamaris_Angela_Fischer.jpg\" itemprop=\"image\" height=\"224\" width=\"300\" title=\"Abbildung_6_Seelenkalender_Stellamaris_Angela_Fischer.jpg\" onerror=\"this.style.display='none'\">\n\t<h6><strong>Abbildung<br>\n<\/strong><\/h6>\n<h6>Das Kreuz der Lichtspr\u00fcche im Seelenkalender 1912\/13<\/h6>\n\t<p><u>48 w (F\u00fcn\u00adfte Woche vor Ostern)<\/u><\/p>\n<strong>Im Lichte<\/strong>, das aus <strong>Wel\u00adten<u>h\u00f6hen<br>\n<\/u><\/strong>Der Seele machtvoll flie\u00dfen will<br>\nErscheine, l\u00f6send Seelenr\u00e4tsel,<br>\nDes Wel\u00adtendenkens Sicherheit<br>\nVer\u00adsam\u00admel\u00adnd sein\u00ader Strahlen Macht<br>\nIm Men\u00adschen\u00adherze Liebe weck\u00adend.\n\t<p><u>31 e (Erste November-Woche)<\/u><\/p>\n<strong>Das Licht<\/strong> aus <strong>Geis\u00adtestiefen<\/strong>,<br>\nNach au\u00dfen strebt es sonnenhaft,<br>\nEs wird zur Lebenswillenskraft<br>\nUnd leuchtet in der Sinne Dumpfheit,<br>\nUm Kr\u00e4fte zu entbinden,<br>\nDie Schaf\u00adfens\u00adm\u00e4chte aus Seelentrieben<br>\nIm Men\u00adschen\u00adwerke reifen lassen.\n\t<h4>Die Kreuzbalken oder Lichtachsen<\/h4>\n<p>In jedem Licht\u00adspruch wird die Herkun\u00adft des Licht\u00ades angegeben. In 5 E und 31 e kommt das Licht aus Geis\u00adtestiefen. In bei\u00adden Spr\u00fcchen stammt das Licht also aus der\u00adsel\u00adben Quelle. In den anderen bei\u00adden Licht\u00adspr\u00fcchen ist das nicht so. In 22 V kommt das Licht aus Wel\u00adtenweit\u00aden, in 48 w aus Wel\u00adtenh\u00f6hen. Die Spr\u00fcche 5 E und 31 e, mit Angabe ein\u00ader gle\u00adichen Lichtquelle, sind Gegen\u00adspr\u00fcche (erkennbar am gle\u00adichen Buch\u00adstaben). Diesen Licht\u00adstrahl nenne ich die unge\u00adbroch\u00adene Lichtachse.<\/p>\n<p>Die bei\u00adden anderen Spr\u00fcche 22 V und 48 w unter\u00adschei\u00adden sich sowohl im Buch\u00adstaben als auch in der Lichtquelle. Gemein\u00adsam ist diesen Lichtquellen der Welt-Aspekt (Wel\u00adtenweit\u00aden, Wel\u00adtenh\u00f6hen). Der Licht\u00adstrahl startet aus Wel\u00adtenweit\u00aden (22 V), erscheint aber in 48 w aus Wel\u00adtenh\u00f6hen kom\u00admend. Die Brechung des Welt-Licht\u00adstrahls entspricht dem Naturge\u00adsetz f\u00fcr \u00e4u\u00dfer\u00adlich sicht\u00adbares Licht. Dieses wird im Durch\u00adgang durch Materie gebrochen, aufge\u00adf\u00e4chert und seine Far\u00adbigkeit erscheint. Diesen Licht\u00adstrahl nenne ich die gebroch\u00adene Lichtachse.<\/p>\n<p>Zwei Licht\u00adstrahlen gehen damit durch den Jahreskreis. Sie bilden das flache, nicht rechtwin\u00adklige Kreuz. Der Geist-Licht\u00adstrahl (31 e \u2014 5 E) strahlt unver\u00e4n\u00addert durch den Jahreskreis. Der Welt-Licht\u00adstrahl (22 V \u2014 48 w) erscheint gebrochen. Das Geistlicht zeigt sich dadurch anderen Geset\u00adzen unter\u00adwor\u00adfen als das weltliche Licht.<\/p>\n<h4>Die Lichtquellen<\/h4>\n<p>Im Men\u00adschen ist das an der \u00e4u\u00dferen Welt sich entz\u00fcn\u00addende Licht das Erken\u00adnt\u00adnis-Licht. Eine ganz andere Lichtqual\u00adit\u00e4t zeigt sich im soge\u00adnan\u00adnten Lebenslicht des Men\u00adschen. Die bei\u00adden Paradies-B\u00e4ume (Baum der Erken\u00adnt\u00adnis und Baum des Lebens) sind eben\u00adfalls Bilder dieser bei\u00adden Lichtqual\u00adit\u00e4ten. Das Essen vom Baum der Erken\u00adnt\u00adnis f\u00fchrte zum S\u00fcn\u00adden\u00adfall. Die Ein\u00adheit mit Gott zer\u00adbrach. Daraufhin wurde der Baum des Lebens den Men\u00adschen ent\u00adzo\u00adgen, sie wur\u00adden sterbliche Wesen. Indem die Erken\u00adnt\u00adniskraft ein\u00adzog in den Men\u00adschen, das Erken\u00adnt\u00adnis\u00adlicht sein jew\u00adeils per\u00ads\u00f6n\u00adlich\u00ades Eigen\u00adlicht wurde, ver\u00e4n\u00adderte sich dieses Licht, es wurde gebrochen und die indi\u00advidu\u00adelle See\u00adlen\u00adf\u00e4r\u00adbung, die jed\u00ader Men\u00adsch im Zugang zur Wahrheit hat, entstand.<\/p>\n<p>Das Lebenslicht aber ist ein Licht, dass wir mit allen Lebe\u00adwe\u00adsen teilen. Die Leben\u00adskraft ist eine Uni\u00adver\u00adsalkraft, die sich inkarniert und im Tod exkarniert. Sie ist nicht auf die gle\u00adiche Weise hand\u00adhab\u00adbar f\u00fcr den Men\u00adschen, wie es seine Erken\u00adnt\u00adniskraft ist. Erken\u00adnt\u00adniskraft nimmt im Gebrauch zu, l\u00e4sst sich schulen und durch Konzen\u00adtra\u00adtion lenken. Leben\u00adskraft l\u00e4sst sich nur pfle\u00adgen, n\u00e4hren, bewahren oder im Schlaf (durch Nicht-tun! des Wach\u00adbe\u00adwusst\u00adseins) regener\u00adieren. Grund\u00ads\u00e4t\u00adzlich nimmt sie aber durch Gebrauch ab, wie jed\u00ader abends und beson\u00adders mit zunehmen\u00addem Alter fest\u00adstellen kann.<\/p>\n<h4>Die Lichtspr\u00fcche als Ausdruck der vier \u00c4therarten<\/h4>\n<p>Nach Rudolf Stein\u00ader sind mit den bei\u00adden Paradies\u00adb\u00e4u\u00admen vier \u00c4therkr\u00e4fte beschrieben, die die geistige Seite der vier irdis\u00adchen Ele\u00admente Feuer \u2014 W\u00e4rme\u00e4ther, Luft \u2014 Licht\u00e4ther, Wass\u00ader \u2014 Chemis\u00adch\u00ader \u00c4ther oder Klang\u00e4ther und Erde \u2014 Leben\u00ads\u00e4ther darstellen (Anthrowiki.at, \u00c4ther\u00adarten). W\u00e4rme\u00e4ther und Licht\u00e4ther ste\u00adhen dem Men\u00adschen per\u00ads\u00f6n\u00adlich zur Ver\u00adf\u00fc\u00adgung. Jed\u00ader hat seine K\u00f6r\u00adper\u00adw\u00e4rme und sein eigenes Bewusst\u00adseinslicht. Dies ist der Baum der Erken\u00adnt\u00adnis mit den roten \u00c4pfeln, von dem Adam und Eva a\u00dfen. Leben\u00ads\u00e4ther und Chemis\u00adch\u00ader \u00c4ther sind der Willk\u00fcr des Men\u00adschen dage\u00adgen im Bild des Baumes des Lebens zun\u00e4chst ent\u00adzo\u00adgen wor\u00adden. Erst seit Gol\u00adgatha, so Rudolf Stein\u00ader, kann der Men\u00adsch indi\u00advidu\u00adell Zugang zu diesen bei\u00adden \u00c4ther-Arten find\u00aden und das Paradies wiedergewinnen.<\/p>\n<p>So wie zum Licht der Schat\u00adten geh\u00f6rt, bilden auch Licht- und Krisen\u00adspr\u00fcche mit dem jew\u00adeils zwis\u00adchen ihnen liegen\u00adden Spruch eine the\u00adma\u00adtis\u00adche Ein\u00adheit. Jede dieser Dreier\u00adgrup\u00adpen deutet mit charak\u00adter\u00adis\u00adtis\u00adchen Worten auf eine \u00c4ther\u00adart, doch zun\u00e4chst gehe ich dies\u00adbez\u00fcglich nur auf die Licht\u00adspr\u00fcche ein. Der Spruch 31 e ste\u00adht f\u00fcr den Leben\u00ads\u00e4ther und ist durch die unge\u00adbroch\u00adene Lich\u00adtachse mit 5 E, dem Chemis\u00adchen \u00c4ther ver\u00adbun\u00adden. In 31 e ist beschrieben, wie dieses Licht, indem es aus seinem Zen\u00adtrum nach au\u00dfen strebt, Lebenswil\u00adlen\u00adskraft wird, das hei\u00dft das Lebenslicht jedes einzel\u00adnen Men\u00adschen. Im Spruch 5 E wird die Aufmerk\u00adsamkeit auf das gelenkt, was diese \u00c4ther\u00adma\u00adcht in der Welt webend erschafft. Der Chemis\u00adche \u00c4ther ist die jew\u00adeils authen\u00adtis\u00adche, aber indi\u00advidu\u00adelle Ver\u00adwirk\u00adlichung des Leben\u00ads\u00e4thers, die spezielle Verbindung der Stoffe, der jew\u00adeilige Klang.<\/p>\n<p>22 V ste\u00adht f\u00fcr den W\u00e4rme\u00e4ther, der nach der Brechung der Lich\u00adtachse in 48 w als Licht\u00e4ther erscheint. In der Evo\u00adlu\u00adtion zeigt sich dieser Zusam\u00admen\u00adhang von Eigen\u00adw\u00e4rme und Eigen\u00adlicht, der Intel\u00adli\u00adgenz, in der par\u00adal\u00adlel ver\u00adlaufend\u00aden Entwick\u00adlung von Blutw\u00e4rme und Gehirn. Aus Wel\u00adtenweit\u00aden kommt dieses Licht, aus dem ganzen Kos\u00admos, dem Tierkreis. Doch indem sich dieses Licht mit dem einzel\u00adnen Men\u00adschen vere\u00adinigt, kommt es nur noch aus der H\u00f6he, aus Wel\u00adtenh\u00f6hen. Im Bild gesprochen: das Licht der Weit\u00aden wird unter den Men\u00adschen verteilt, jed\u00ader erh\u00e4lt einen Strahl des g\u00f6t\u00adtlichen Licht\u00ades f\u00fcr sein Bewusstsein.<\/p>\n<p>&nbsp;<\/p>\n<h4>Das dunkle Kreuz der Krisen- oder Drohspr\u00fcche<\/h4>\n<p>Neben den vier Licht\u00adspr\u00fcchen gibt es auch vier Spr\u00fcche, die Krisen- oder Drohspr\u00fcche genan\u00adnt wer\u00adden. Diese Spr\u00fcche sind: 7 G, 20 T, 33 g und 46 u. Sie bilden jew\u00adeils genau die Mitte der See\u00adlenkalen\u00adder-Vier\u00adtel aus je 13 Spr\u00fcchen. Dadurch gibt es im Jahreskreis ein rechtwin\u00adkliges, diag\u00ado\u00adnales Kreuz. Wie schon bei den Licht\u00adspr\u00fcchen haben zwei den gle\u00adichen Buch\u00adstaben (7 G, 33 g), zwei jedoch nicht (20 T, 46&nbsp;u).<\/p>\n\t<p><u>7 G (Siebte Woche nach Ostern)<\/u><\/p>\n<strong>Mein Selb\u00adst<\/strong>, es dro\u00adhet zu <u>ent\u00adfliehen<\/u>,<br>\nVom <strong><u>Wel\u00adten<\/u><\/strong><u>lichte<\/u> m\u00e4chtig <u>ange\u00adzo\u00adgen<\/u>;<br>\nNun trete du mein <u>Ahnen<\/u><br>\nIn deine Rechte kr\u00e4ftig ein,<br>\nErset\u00adze mir des Denkens Macht,<br>\nDas in der Sinne Schein<br>\n<u>Sich selb\u00adst ver\u00adlieren<\/u> will.\n\t<p><u>20 T (Zweite August-Woche)<\/u><\/p>\nSo f\u00fchl ich erst <strong>mein Sein<\/strong>,<br>\nDas <u>fern vom <strong>Wel\u00adten<\/strong>-Dasein<\/u><br>\nIn sich, sich selb\u00adst <u>erl\u00f6schen<\/u><br>\nUnd bauend nur auf eignem Grunde<br>\nIn sich, <u>sich selb\u00adst ert\u00f6ten<\/u> m\u00fcsste.&nbsp;<img loading=\"lazy\" decoding=\"async\" src=\"https:\/\/www.stellamaris-seelenkalender.de\/wp-content\/uploads\/2021\/05\/Abbildung_7_Seelenkalender_Stellamaris_Angela_Fischer.jpg-300x267.png\" alt=\"Abbildung_7_Seelenkalender_Stellamaris_Angela_Fischer.jpg\" itemprop=\"image\" height=\"267\" width=\"300\" title=\"Abbildung_7_Seelenkalender_Stellamaris_Angela_Fischer.jpg\" onerror=\"this.style.display='none'\">\n\t<h6><strong>Abbildung<br>\n<\/strong><\/h6>\n<h6>Das dunkle Kreuz der Krisen- oder Drohspr\u00fcche im Seelenkalender<\/h6>\n\t<p><u>46 u (Siebte Woche vor Ostern)<\/u><\/p>\n<strong>Die Welt<\/strong>, sie dro\u00adhet zu <u>bet\u00e4uben<\/u><u><br>\n<\/u>Der <strong>Seele<\/strong> einge\u00adborne&nbsp;Kraft;<br>\nNun trete du <u>Erin\u00adnerung<\/u>,<br>\nAus Geis\u00adtestiefen <u>leuch\u00adt\u00adend<\/u> auf<br>\nUnd st\u00e4rke mir das <u>Schauen<\/u>,<br>\nDas nur durch Willenskr\u00e4fte<br>\nSich selb\u00adst erhal\u00adten kann.\n\t<p><u>33 g (Dritte November-Woche)<\/u><\/p>\nSo f\u00fchl\u00b4 ich erst <strong>die Welt<\/strong>,<br>\nDie au\u00dfer mein\u00ader <strong>Seele<\/strong> Miterleben<br>\nAn sich nur <u>frostig leeres Leben<\/u><br>\nUnd ohne Macht sich offenbarend<br>\nIn See\u00adlen sich von neuem schaffend<br>\nIn sich den <u>Tod<\/u> nur find\u00aden k\u00f6n\u00adnte.\n\t<p>Zur Erin\u00adnerung, schon bei den Licht\u00adspr\u00fcchen gab es eine Unter\u00adschei\u00addung der recht\u00aden und linken Sph\u00e4re (rechts, absteigende Sonne: <em>Das Licht\u2026<\/em> \u2014 links, auf\u00adsteigende Sonne: <em>Im Lichte\u2026<\/em>). Die linke Kreish\u00e4lfte der auf\u00adsteigen\u00adden Sonne nenne ich die <em>Erd\u00adsph\u00e4re<\/em>, hier beleuchtet das Licht die Welt. Die rechte Seite der absteigen\u00adden Sonne nenne ich die <em>Geist\u00adsph\u00e4re<\/em>. Hier ist der Ursprung des Lichts.<\/p>\n<p>Auch die Krisen\u00adspr\u00fcche zeigen eine Dif\u00adferen\u00adzierung gem\u00e4\u00df der senkrecht geteil\u00adten Erd- und Geist\u00adsph\u00e4re: Auf der <em>linken<\/em> Kreis\u00adseite, (Erd\u00adsph\u00e4re, auf\u00adsteigende Sonne) \u00fcber\u00adw\u00e4ltigt die Welt die Seele (46 u) bzw. das Selb\u00adst (7 G). Die St\u00e4rke der Inter\u00adak\u00adtion wirkt bedro\u00adhend. In bei\u00adden Spr\u00fcchen dro\u00adht die Gefahr von au\u00dfen. Sobald die Gefahr erkan\u00adnt ist, ruft das Indi\u00advidu\u00adum eine F\u00e4higkeit auf, die der Bedro\u00adhung ent\u00adge\u00adge\u00adnar\u00adbeit\u00aden kann (das Ahnen in 7 G bzw. die Erin\u00adnerung in 46&nbsp;u).<\/p>\n<p>Auf der <em>recht\u00aden<\/em> Kreis\u00adseite (Geist\u00adsph\u00e4re, absteigende Sonne) ist das eigene Sein (20 T) bzw. das Leben der Welt 33 g) bedro\u00adht, wenn der Men\u00adsch nicht entsprechend mit dem Au\u00dfen inter\u00adagiert. Hier geht es um die Daseins\u00adbe\u00addin\u00adgung der Akteure, die geisti\u00adgen Geset\u00adze des Zusammenwirkens.<\/p>\n<p>F\u00fcr die Krisen\u00adspr\u00fcche tritt zu der senkrecht\u00aden Dif\u00adferen\u00adzierung eine waagerechte gem\u00e4\u00df der Tren\u00adnung in Som\u00admer- und Win\u00adter-Hal\u00adb\u00adjahr, sodass Vier\u00adtel entste\u00adhen: In den Krisen\u00adspr\u00fcchen des Som\u00admer-Hal\u00adb\u00adjahrs wird vom Selb\u00adst (7 G) oder eige\u00adnen Sein (20 T) gesprochen, im Win\u00adter-Hal\u00adb\u00adjahr von der Kraft (46 u) bzw. dem Miter\u00adleben (33 g) der Seele. Das Som\u00admer-Hal\u00adb\u00adjahr stellt in den Krisen\u00adspr\u00fcchen Fra\u00adgen an das Ich (Selb\u00adst, eigene Sein), das Win\u00adter-Hal\u00adb\u00adjahr an die&nbsp;Seele.<\/p>\n<p>Im <em>Fr\u00fch\u00adling (7 G)<\/em> geht das Selb\u00adst eine zu inten\u00adsive Verbindung mit dem Wel\u00adtenlicht ein, wird von ihm ange\u00adzo\u00adgen, ange\u00adso\u00adgen. Das Denken kommt von der \u00e4u\u00dferen Welt oder der in ihr zu find\u00aden\u00adden Wel\u00adtenweisheit nicht los und ver\u00adliert sich selb\u00adst. Die Ahnung, das f\u00fch\u00adlende Bewusst\u00adsein kann hier helfen, ein ahnend-holis\u00adtis\u00adches Welt\u00adbild aufzubauen, in dem das Selb\u00adst eben\u00adso real\u00ader Akteur ist.<\/p>\n<p><em>Im Som\u00admer (20 T)<\/em> ist das Prob\u00adlem die Beziehungslosigkeit, die Ferne des eige\u00adnen Seins vom Wel\u00adten-Dasein. Hier ist das Prob\u00adlem haus\u00adgemacht und deshalb gibt es keine Ret\u00adtung von au\u00dfen. Die L\u00f6sung w\u00e4re eine Kor\u00adrek\u00adtur der inneren Haltung.<\/p>\n<p>Im <em>Herb\u00adst (33 g)<\/em> ist die Welt so macht\u00adlos, dass ihr der Tod dro\u00adht. Sie ist auf das seel\u00adis\u00adche Miter\u00adleben des Men\u00adschen angewiesen. Nur in der Seele des Men\u00adschen kann sie neues Leben gewin\u00adnen. Im <em>Win\u00adter (46 u)<\/em> dro\u00adht die Welt f\u00fcr die Seele zu m\u00e4chtig zu wer\u00adden. Die ure\u00adigene Kraft der Seele, Bewusst\u00adsein zu erzeu\u00adgen und sich entwick\u00adeln zu wollen, dro\u00adht bet\u00e4ubt zu wer\u00adden. Die Geist-Erin\u00adnerung weckt und st\u00e4rkt die Seele, so dass sie hin\u00adter den Sin\u00adnen\u00adschleier sehen&nbsp;kann.<\/p>\n<h4>Die Widersacherwirkung in den Krisenspr\u00fcchen<\/h4>\n<p>In 7 G dro\u00adht das Selb\u00adst zu ent\u00adfliehen, das Ich-Zen\u00adtrum ver\u00adliert sich. In 33 g hat die Welt nur frostig leeres Leben und kann aus eigen\u00ader Kraft nur den Tod find\u00aden. Das bedeutet, der Umkreis stirbt. Rudolf Stein\u00ader beschreibt zwei Gef\u00e4hrdun\u00adgen des Men\u00adschen, die er auf die Wirkung zweier geistiger M\u00e4chte zur\u00fcck\u00adf\u00fchrt. Die eine Macht ist Luz\u00adifer, er ver\u00adf\u00fchrt zu Welt\u00adfremd\u00adheit und Illu\u00adsion. Die andere Macht ist Ahri\u00adman, dieser wirkt ver\u00adh\u00e4r\u00adtend und Tod brin\u00adgend. In den jew\u00adeili\u00adgen Gef\u00e4hrdun\u00adgen der bei\u00adden Spr\u00fcche sind die Wider\u00adsach\u00ader zu erken\u00adnen. Rudolf Stein\u00ader beschreibt, dass diese bei\u00adden Wider\u00adsacher\u00adm\u00e4chte sich in ihren Wirkun\u00adgen die Waage hal\u00adten. Die bei\u00adden Spr\u00fcche sind durch den gle\u00adichen Buch\u00adstaben ver\u00adbun\u00adden. Die anderen bei\u00adden Krisen\u00adspr\u00fcche haben unter\u00adschiedliche Buch\u00adstaben, sie ste\u00adhen also nicht in direk\u00adter Beziehung zueinan\u00adder. Die Gefahr des Anti\u00adsozialen im Spruch 20 T tr\u00e4gt Z\u00fcge der drit\u00adten Wider\u00adsacher\u00adma\u00adcht, der Asur\u00adas. Als vierte hin\u00addernde Kraft kann der Dop\u00adpel\u00adg\u00e4nger ange\u00adse\u00adhen wer\u00adden. Er bet\u00e4ubt mit Weltlichkeit das wahre Selbst.<\/p>\n<p>&nbsp;<\/p>\n<h4>Das Kreuz der Zwischenspr\u00fcche<\/h4>\n<p>Zwis\u00adchen den Licht- und Dunkel\u00adspr\u00fcchen befind\u00adet sich jew\u00adeils ein unauf\u00adf\u00e4l\u00adliger Spruch. Auf\u00adgrund ihrer Stel\u00adlung nenne ich diesel\u00adben Zwis\u00adchen\u00adspr\u00fcche. Betra\u00adchte ich Licht und Dunkel als Dual\u00adit\u00e4ten, so muss es auf h\u00f6her\u00ader Ebene eine \u00dcber\u00adwin\u00addung der Gegen\u00ads\u00e4tze geben. Diese Auf\u00adgabe kommt den Zwis\u00adchen\u00adspr\u00fcche zu.<\/p>\n\t\t\t<a href=\"https:\/\/www.stellamaris-seelenkalender.de\/wp-content\/uploads\/2022\/01\/Die_grossen_Kreuze_im_Seelenkalender_2_ab_Das_Kreuz_der_ZwischensprA\u00bcche.mp3\" target=\"_blank\" role=\"button\" rel=\"noopener\">\n\t\t\t\t\t\tH\u00f6ren anstelle lesen&nbsp;<\/a>\n\t<p><u>6 F (Sech\u00adste Woche nach Ostern)<\/u><\/p>\nEs ist erstanden aus der Eigenheit<br>\nMein Selb\u00adst und find\u00adet&nbsp;sich<br>\nAls Weltenoffenbarung<br>\nIn Zeit- und Raumeskr\u00e4ften;<br>\nDie Welt, sie zeigt mir \u00fcberall<br>\nAls g\u00f6t\u00adtlich <u>Urbild<br>\n<\/u>Des eignen <u>Abbild<\/u>s Wahrheit.\n\t<p><u>21 U (Dritte August-Woche)<\/u><\/p>\nIch f\u00fch\u00adle <u>fruch\u00adt\u00adend<\/u> fremde <u>Macht<br>\n<\/u>Sich st\u00e4rk\u00adend mir mich selb\u00adst verleihn<br>\nDen Keim empfind ich <u>reifend<br>\n<\/u>Und Ahnung lichtvoll weben<br>\nIm Innern an der <u>Selb\u00ads\u00adtheit&nbsp;Macht.<\/u>\n\t\t\t\t<img loading=\"lazy\" decoding=\"async\" src=\"https:\/\/www.stellamaris-seelenkalender.de\/wp-content\/uploads\/2021\/05\/Abbildung_8_Seelenkalender_Stellamaris_Angela_Fischer-300x272.jpg\" alt=\"Abbildung_8_Seelenkalender_Stellamaris_Angela_Fischer\" itemprop=\"image\" height=\"272\" width=\"300\" title=\"Abbildung_8_Seelenkalender_Stellamaris_Angela_Fischer\" onerror=\"this.style.display='none'\">\n\t<h6><strong>Abbildung<br>\n<\/strong><\/h6>\n<h6>Die Zwischenspr\u00fcche und die vier \u00c4therarten im Seelenkalender<\/h6>\n\t<p><u>47 v (Sech\u00adste Woche vor Ostern)<\/u><\/p>\nEs will erste\u00adhen aus dem Weltenscho\u00dfe,<br>\nDen <u>Sin\u00adnen\u00adschein<\/u> <u>erquick\u00adend<\/u>, Werdelust.<br>\nSie finde meines <u>Denkens Kraft<br>\nGer<\/u>\u00fcstet durch die Gotteskr\u00e4fte,<br>\nDie kr\u00e4ftig mir im Innern leben.\n\t<p><u>32 f (Zweite November-Woche)<\/u><\/p>\nIch f\u00fch\u00adle fruch\u00adt\u00adend eigne&nbsp;Kraft<br>\nSich st\u00e4rk\u00adend <u>mich der Welt ver\u00adlei\u00adhn<\/u>,<br>\nMein Eigen\u00adwe\u00adsen f\u00fchl ich kraftend<br>\nZur Klarheit sich zu wenden<br>\nIm <u>Lebenss\u00adchick\u00adsal<\/u>sweben.\n\t<h4>Die \u00c4therarten in den Licht- Zwischen- und Dunkelspr\u00fcchen<\/h4>\n<p>The\u00adma\u00adtisch ver\u00adbun\u00adden zeigen sich die drei nebeneinan\u00adder liegen\u00adden Spr\u00fcche durch einen vorherrschen\u00adden Bezug jed\u00ader Spruch\u00adgruppe zu einem Ele\u00adment. Aus Licht und Dunkel gebiert sich das Leben. Je nach\u00addem, in welchem Ele\u00adment, Wass\u00ader, Feuer, Erde oder Luft\/Licht sich dieses Leben \u00e4u\u00dfert, wirkt darin eine andere \u00c4therart.<\/p>\n<p>F\u00fcr die Ele\u00admente und \u00c4ther\u00adarten charak\u00adter\u00adis\u00adtis\u00adche Worte und Bilder in den drei nebeneinan\u00adder liegen\u00adden Spr\u00fcche, des <sup>*<\/sup>Licht\u2011, Zwis\u00adchen- und +Krisen\u00adspruchs, sind fol\u00adgende (der Stern beze\u00adich\u00adnet den Licht\u00adspruch, das Kreuz den Krisenspruch):<\/p>\n<p><strong>*5 E \u2014 6 F \u2014 +7 G : Wass\u00ader, chemis\u00adch\u00ader&nbsp;\u00c4ther:<\/strong><\/p>\n<ul>\n<li>*5 E: Das Licht webt im Raum, vol\u00adlzieht also eine wellende Bewegung.<\/li>\n<li>+7 G: Das Selb\u00adst dro\u00adht zu ent\u00adfliehen wie Wasserdampf.<\/li>\n<\/ul>\n<p>Im Zwis\u00adchen\u00adspruch 6 F erscheint die spiegelde Qual\u00adit\u00e4t des Wassers in Urbild und Abbild.<\/p>\n<p><strong>*22 V \u2014 21 U \u2014 +20 T : Feuer, W\u00e4rme\u00e4ther:&nbsp;<\/strong><\/p>\n<ul>\n<li>*22 V: Das Licht ent\u00adbindet Fr\u00fcchte und l\u00e4sst reifen.<\/li>\n<li>+20 T: Das eigene Sein dro\u00adht zu erl\u00f6schen.<\/li>\n<\/ul>\n<p>Im Zwis\u00adchen\u00adspruch 21 U wird die Befruch\u00adtung genannt.<\/p>\n<p><strong>*31 e \u2014 32 f \u2014 +33 g : Erde, Lebens\u00e4ther:&nbsp;<\/strong><\/p>\n<ul>\n<li>*31 e: Das Licht wird zur Lebenswillenskraft.<\/li>\n<li>+33 g: Die Welt kann aus eigen\u00ader Kraft nur den Tod finden.<\/li>\n<\/ul>\n<p>Im Zwis\u00adchen\u00adspruch 32 f kraftet mein Eigen\u00adwe\u00adsen, um sich im Lebenss\u00adchick\u00adsal\u00adsweben zur Klarheit zu wen\u00adden, das eigene Kar\u00adma zu ordnen.<\/p>\n<p><strong>*48 w \u2014 47 v \u2014 +46 u : Luft\/Licht, Licht\u00e4ther:&nbsp;<\/strong><\/p>\n<ul>\n<li>*48 w: Im Licht\u00adspruch erscheint das Wel\u00adtendenken, l\u00f6st See\u00adlen\u00adr\u00e4t\u00adsel und weckt im Herzen die&nbsp;Liebe.<\/li>\n<li>+46 u: Der Bet\u00e4ubung, der Abd\u00e4mp\u00adfung des Bewusst\u00adseins muss durch Erin\u00adnerung begeg\u00adnet wer\u00adden, diese leuchtet und st\u00e4rkt das Schauen.<\/li>\n<\/ul>\n<p>Im Zwis\u00adchen\u00adspruch 47 v erquickt die Werdelust den Sin\u00adnen\u00adschein, dem die Denkkraft des Men\u00adschen gewach\u00adsen sein&nbsp;muss.<\/p>\n<p>Die Wort\u00adsamm\u00adlung zeigt, wo eine \u00c4ther\u00adart zu Hause ist. Sie ist wed\u00ader voll\u00adst\u00e4ndig, noch darf sie abso\u00adlut genom\u00admen wer\u00adden. Einzelne sig\u00adnifikante Worte wie &lt;weben&gt; oder &lt;reifen&gt; find\u00aden sich auch in Spr\u00fcchen ander\u00ader \u00c4ther\u00adarten, denn let\u00adztlich wirken die ver\u00adschiede\u00adnen \u00c4ther immer zusammen.<\/p>\n<h4>Die Widersacher und die h\u00f6heren \u00c4therarten<\/h4>\n<p>Der Krisen\u00adspruch des chemis\u00adchen \u00c4thers (7 G) zeigt die luz\u00adiferische Gef\u00e4hrdung, der des Leben\u00ads\u00e4thers (33 g) die ahri\u00adman\u00adis\u00adche. Die Wider\u00adsach\u00ader erscheinen damit in den \u00c4ther\u00adarten, die dem Men\u00adschen nicht zur per\u00ads\u00f6n\u00adlichen Ver\u00adf\u00fc\u00adgung ste\u00adhen, die zum Baum des Lebens geh\u00f6ren. Sie h\u00fcten diese Kr\u00e4fte, indem sie dem Men\u00adschen sich als Pr\u00fc\u00adfung in den Weg stellen. Nur wenn es dem Men\u00adschen gelingt, die in den vier Spr\u00fcchen enthal\u00adte\u00adnen Auf\u00adgaben zu l\u00f6sen, gewin\u00adnt er Zugang zu diesen \u00c4therarten.<\/p>\n\t\t\t<a href=\"https:\/\/www.stellamaris-seelenkalender.de\/?page_id=146\" target=\"_self\" role=\"button\" rel=\"noopener\">\n\t\t\t\t\t\tzur\u00fcck zur \u00dcbersicht&nbsp;<\/a>\n\n","protected":false},"excerpt":{"rendered":"<p>Die gro\u00dfen Kreuze im See\u00adlenkalen\u00adder \u2026 Das Lichtkreuz All\u00adge\u00admein wer\u00adden vier Spr\u00fcche im See\u00adlenkalen\u00adder Licht\u00adspr\u00fcche genan\u00adnt, denn sie haben das Licht zum The\u00adma. Dies sind im Som\u00admer-Hal\u00adb\u00ad\u00ad\u00adjahr die Spr\u00fcche: 5 E und 22 V, im Win\u00adter-Hal\u00adb\u00ad\u00ad\u00adjahr 31 e und 48 w. Die bei\u00adden Spr\u00fcche 22 V und 31 e begin\u00adnen: Das Licht \u2026, und handeln\u2026<\/p>\n","protected":false},"author":1,"featured_media":0,"parent":0,"menu_order":0,"comment_status":"closed","ping_status":"closed","template":"","meta":{"wp_typography_post_enhancements_disabled":false,"footnotes":""},"class_list":["post-201","page","type-page","status-publish","hentry"],"_links":{"self":[{"href":"https:\/\/www.stellamaris-seelenkalender.de\/index.php?rest_route=\/wp\/v2\/pages\/201","targetHints":{"allow":["GET"]}}],"collection":[{"href":"https:\/\/www.stellamaris-seelenkalender.de\/index.php?rest_route=\/wp\/v2\/pages"}],"about":[{"href":"https:\/\/www.stellamaris-seelenkalender.de\/index.php?rest_route=\/wp\/v2\/types\/page"}],"author":[{"embeddable":true,"href":"https:\/\/www.stellamaris-seelenkalender.de\/index.php?rest_route=\/wp\/v2\/users\/1"}],"replies":[{"embeddable":true,"href":"https:\/\/www.stellamaris-seelenkalender.de\/index.php?rest_route=%2Fwp%2Fv2%2Fcomments&post=201"}],"version-history":[{"count":0,"href":"https:\/\/www.stellamaris-seelenkalender.de\/index.php?rest_route=\/wp\/v2\/pages\/201\/revisions"}],"wp:attachment":[{"href":"https:\/\/www.stellamaris-seelenkalender.de\/index.php?rest_route=%2Fwp%2Fv2%2Fmedia&parent=201"}],"curies":[{"name":"wp","href":"https:\/\/api.w.org\/{rel}","templated":true}]}}